sands digit of 241075?
1
What is the hundreds digit of 214143?
1
What is the units digit of 3696013?
3
What is the ten thousands digit of 9543470?
4
What is the tens digit of 44900?
0
What is the hundred thousands digit of 1997423?
9
What is the units digit of 14359750?
0
What is the tens digit of 5279698?
9
What is the millions digit of 3072660?
3
What is the units digit of 7005865?
5
What is the units digit of 6027090?
0
What is the hundred thousands digit of 4503869?
5
What is the ten thousands digit of 245442?
4
What is the hundreds digit of 20374990?
9
What is the thousands digit of 247459?
7
What is the ten millions digit of 16737247?
1
What is the units digit of 1252588?
8
What is the hundreds digit of 2780416?
4
What is the units digit of 1898166?
6
What is the hundred thousands digit of 14745421?
7
What is the tens digit of 1212627?
2
What is the hundreds digit of 2508437?
4
What is the hundred thousands digit of 156258?
1
What is the hundred thousands digit of 2868132?
8
What is the units digit of 223477?
7
What is the tens digit of 28190899?
9
What is the ten thousands digit of 6764394?
6
What is the tens digit of 1728255?
5
What is the hundreds digit of 40878708?
7
What is the thousands digit of 299607?
9
What is the ten thousands digit of 418589?
1
What is the hundreds digit of 21882202?
2
What is the units digit of 4574927?
7
What is the hundreds digit of 12075110?
1
What is the hundreds digit of 828709?
7
What is the tens digit of 113153?
5
What is the hundred thousands digit of 9336253?
3
What is the hundreds digit of 14716670?
6
What is the hundred thousands digit of 288114?
2
What is the millions digit of 13290604?
3
What is the millions digit of 5857995?
5
What is the ten thousands digit of 2987901?
8
What is the hundreds digit of 3129191?
1
What is the tens digit of 1102711?
1
What is the hundred thousands digit of 3490274?
4
What is the units digit of 26069586?
6
What is the tens digit of 8085057?
5
What is the thousands digit of 507071?
7
What is the hundreds digit of 425242?
2
What is the millions digit of 2071593?
2
What is the hundreds digit of 113437?
4
What is the hundreds digit of 5099204?
2
What is the tens digit of 256181?
8
What is the hundred thousands digit of 10882563?
8
What is the ten thousands digit of 110941?
1
What is the hundred thousands digit of 658946?
6
What is the hundreds digit of 1143595?
5
What is the hundreds digit of 329144?
1
What is the hundred thousands digit of 1019773?
0
What is the hundreds digit of 323262?
2
What is the ten thousands digit of 74195?
7
What is the thousands digit of 11538440?
8
What is the hundred thousands digit of 10143199?
1
What is the thousands digit of 1736531?
6
What is the units digit of 4536054?
4
What is the thousands digit of 1266059?
6
What is the thousands digit of 156956?
6
What is the thousands digit of 135513?
5
What is the hundreds digit of 7127152?
1
What is the ten thousands digit of 581948?
8
What is the thousands digit of 439512?
9
What is the thousands digit of 74301?
4
What is the ten thousands digit of 197127?
9
What is the tens digit of 8549073?
7
What is the thousands digit of 53122?
3
What is the hundred thousands digit of 6561770?
5
What is the ten thousands digit of 210202?
1
What is the tens digit of 1296?
9
What is the ten thousands digit of 192054?
9
What is the millions digit of 6367346?
6
What is the millions digit of 1667986?
1
What is the tens digit of 685208?
0
What is the hundreds digit of 48888?
8
What is the hundreds digit of 193545?
5
What is the hundred thousands digit of 5902274?
9
What is the hundred thousands digit of 5469396?
4
What is the thousands digit of 20651622?
1
What is the hundreds digit of 763581?
5
What is the thousands digit of 151554?
1
What is the millions digit of 14842672?
4
What is the ten thousands digit of 1326364?
2
What is the hundred thousands digit of 110582?
1
What is the hundreds digit of 70996?
9
What is the thousands digit of 11759687?
9
What is the thousands digit of 848302?
8
What is the hundred thousands digit of 4969910?
9
What is the hundreds digit of 1558238?
2
What is the ten thousands digit of 122792?
2
What is the hundred thousands digit of 205766?
2
What is the ten thousands digit of 16743603?
4
What is the millions digit of 2762191?
2
What is the ten thousands digit of 224494?
2
What is the millions digit of 9297491?
9
What is the thousands digit of 5246066?
6
What is the units digit of 1763722?
2
What is the hundreds digit of 11496139?
1
What is the ten thousands digit of 757497?
5
What is the hundred thousands digit of 5524021?
5
What is the ten thousands digit of 401119?
0
What is the ten thousands digit of 4318613?
1
What is the units digit of 9701731?
1
What is the ten thousands digit of 308716?
0
What is the tens digit of 1680452?
5
What is the units digit of 3809935?
5
What is the tens digit of 20868697?
9
What is the hundred thousands digit of 244928?
2
What is the ten thousands digit of 2229122?
2
What is the hundreds digit of 209510?
5
What is the tens digit of 7984864?
6
What is the units digit of 63037?
7
What is the hundred thousands digit of 12104881?
1
What is the ten thousands digit of 9053728?
5
What is the millions digit of 7222825?
7
What is the hundreds digit of 801838?
8
What is the ten thousands digit of 1738279?
3
What is the hundred thousands digit of 130472?
1
What is the hundred thousands digit of 168681?
1
What is the hundreds digit of 1879005?
0
What is the millions digit of 16274257?
6
What is the hundreds digit of 88347?
3
What is the units digit of 550578?
8
What is the hundred thousands digit of 819751?
8
What is the units digit of 168160?
0
What is the hundred thousands digit of 3745554?
7
What is the ten thousands digit of 17533905?
3
What is the tens digit of 259870?
7
What is the units digit of 192313?
3
What is the tens digit of 2582990?
9
What is the millions digit of 9637589?
9
What is the units digit of 201351?
1
What is the thousands digit of 1529582?
9
What is the hundred thousands digit of 4908128?
9
What is the units digit of 119891?
1
What is the millions digit of 2004020?
2
What is the thousands digit of 1282261?
2
What is the ten thousands digit of 636566?
3
What is the ten thousands digit of 12347?
1
What is the hundred thousands digit of 288048?
2
What is the tens digit of 27480705?
0
What is the hundreds digit of 786989?
9
What is the hundred thousands digit of 126073?
1
What is the thousands digit of 46618?
6
What is the thousands digit of 294861?
4
What is the tens digit of 201422?
2
What is the units digit of 26269121?
1
What is the hundreds digit of 832276?
2
What is the units digit of 557415?
5
What is the millions digit of 2787854?
2
What is the tens digit of 5350095?
9
What is the units digit of 1376124?
4
What is the units digit of 6372?
2
What is the hundreds digit of 197385?
3
What is the tens digit of 117459?
5
What is the tens digit of 97935?
3
What is the units digit of 1423352?
2
What is the thousands digit of 2225234?
5
What is the millions digit of 2998159?
2
What is the units digit of 16837043?
3
What is the units digit of 484807?
7
What is the tens digit of 181953?
5
What is the tens digit of 5935217?
1
What is the hundred thousands digit of 367947?
3
What is the tens digit of 2289755?
5
What is the hundreds digit of 43036?
0
What is the millions digit of 9270019?
9
What is the hundreds digit of 2760912?
9
What is the units digit of 3098039?
9
What is the units digit of 144216?
6
What is the millions digit of 1295184?
1
What is the hundreds digit of 69133?
1
What is the hundreds digit of 2720?
7
What is the units digit of 11208942?
2
What is the ten thousands digit of 208967?
0
What is the hundred thousands digit of 196268?
1
What is the hundred thousands digit of 188502?
1
What is the tens digit of 95725?
2
What is the units digit of 38680?
0
What is the ten thousands digit of 252317?
5
What is the millions digit of 23728509?
3
What is the ten thousands digit of 2424019?
2
What is the millions digit of 3729398?
3
What is the ten thousands digit of 68880?
6
What is the ten thousands digit of 365098?
6
What is the ten thousands digit of 205243?
0
What is the hundreds digit of 13225570?
5
What is the thousands digit of 